. What is a(13)?
4
Let m(c) = -27874*c + 250861. Give m(9).
-5
Let p(t) = -60*t + 1366. Determine p(22).
46
Let f(d) = 63914*d + 575215. Calculate f(-9).
-11
Let l(t) = 777*t + 4514. Calculate l(-6).
-148
Let k(y) = -5959*y + 5985. Give k(1).
26
Let l(n) = -5649*n - 22610. Calculate l(-4).
-14
Let f(t) = -7*t**2 - 142*t - 2006. What is f(-16)?
-1526
Let p(r) = 7*r**3 - 8*r**2 + 558*r + 2759. What is p(-4)?
-49
Let l(m) = 827*m**2 - 1984795*m - 12004. Calculate l(2400).
-4
Let k(w) = -33*w**2 - 735*w - 7. Determine k(-23).
-559
Let l(g) = -g**3 - 129*g**2 - 3407*g - 85. Determine l(-37).
26
Let v(a) = -537*a + 7867. What is v(19)?
-2336
Let p(k) = -395*k**2 - 10*k + 292. What is p(0)?
292
Let o(u) = -u**3 + 131*u**2 - 2482*u - 214. Give o(108).
2
Let s(z) = z**3 - 22*z**2 - 1156*z - 823. What is s(47)?
70
Let u(o) = 3*o**3 - 21*o**2 - 52*o - 313. What is u(-6)?
-1405
Let x(k) = -k**2 - 4365*k - 47905. What is x(-11)?
-11
Let v(r) = -1121*r - 23615. What is v(-20)?
-1195
Let w(n) = -7*n**2 + 693*n + 877491. Give w(-308).
-1
Let g(l) = -4*l**2 + 17*l - 1342. Determine g(0).
-1342
Let c(p) = -889*p + 339600. Calculate c(382).
2
Let y(m) = 163513*m + 326747. What is y(-2)?
-279
Let h(n) = 13097*n + 641766. What is h(-49)?
13
Let o(l) = 30*l**3 - 85*l**2 - 56*l + 29. Calculate o(-1).
-30
Let t(w) = -128914*w + 386763. Give t(3).
21
Let z(f) = 2*f**2 - 316*f + 7960. Calculate z(113).
-2210
Let v(k) = -2*k**2 + 336*k + 23201. Determine v(221).
-225
Let k(s) = -s**3 + 30*s**2 + 339*s - 10. Determine k(-10).
600
Let c(i) = -1406*i - 37888. What is c(-27)?
74
Let s(z) = 8*z**3 - 14*z**2 + 8*z - 40. Give s(5).
650
Let u(k) = 930*k - 14784. Give u(16).
96
Let j(x) = 584*x - 11922. Determine j(18).
-1410
Let s(i) = 2666*i - 399352. Calculate s(150).
548
Let g(f) = 11*f**2 + 547*f + 3902. Determine g(-7).
612
Let r(g) = -8369*g - 292991. Determine r(-35).
-76
Let v(n) = 9469*n + 24363745. What is v(-2573)?
8
Let i(w) = 3*w**2 - 216*w + 3165. Calculate i(21).
-48
Let y(p) = -90275*p - 270889. Give y(-3).
-64
Let v(w) = -30*w**2 - 8653*w + 8653. Calculate v(1).
-30
Let u(q) = -22*q**3 + 148*q**2 + 7*q + 61. Give u(7).
-184
Let y(m) = -56*m**2 + 16*m - 30. What is y(1)?
-70
Let h(z) = -2*z**3 - 2*z**2 - 268*z + 794. Determine h(3).
-82
Let i(y) = 5*y**2 + 41*y - 3355. Determine i(0).
-3355
Let w(s) = s**3 + 4*s**2 - 13*s + 42. Determine w(-7).
-14
Let u(y) = y**3 - 68*y**2 - 68*y - 293. Give u(69).
-224
Let d(o) = -4979*o - 343548. Give d(-69).
3
Let h(n) = -2*n**3 - 4*n**2 + 639*n + 111. Determine h(17).
-8
Let l(t) = -t**2 - 18*t + 662. What is l(-31)?
259
Let k(o) = 670*o**2 - 26137*o + 136. Determine k(39).
-137
Let p(d) = d**2 - 17703*d - 123966. Give p(-7).
4
Let z(m) = 34*m**2 + 12813*m - 51239. Give z(4).
557
Let g(b) = -43*b**3 - 2102*b**2 + 253*b + 398. Give g(-49).
6
Let z(s) = -12*s + 344. What is z(9)?
236
Let u(f) = -2*f**3 - 146*f**2 + 1897*f + 146971. What is u(-72)?
19
Let h(c) = 3*c**2 - 1053*c - 206214. What is h(-140)?
6
Let w(j) = -3*j**3 + 18*j**2 + 94*j - 7. Determine w(-5).
348
Let a(n) = -2*n**3 + 106*n**2 - 1458*n + 1632. Give a(28).
8
Let x(f) = 18*f**3 - 380*f**2 - 305*f + 7257. What is x(21)?
-30
Let o(u) = u**2 - 170*u + 5033. What is o(34)?
409
Let t(n) = 2*n**3 - 15*n**2 - 1507*n + 169. What is t(-24)?
49
Let y(n) = n**3 + 13*n**2 + 36*n - 25. What is y(-3)?
-43
Let v(f) = 263*f - 10245. Calculate v(43).
1064
Let d(z) = 479*z + 60826. Calculate d(-127).
-7
Let b(x) = x**2 - 36*x + 745. What is b(63)?
2446
Let a(s) = -1198*s**2 + 2383*s + 42. Give a(2).
16
Let w(y) = 239818*y + 9592763. Determine w(-40).
43
Let o(g) = g**2 - 6793*g + 350532. What is o(52)?
0
Let q(k) = 7*k**3 - 94*k**2 - 286*k + 24. Calculate q(16).
56
Let h(m) = 35*m**2 - 71*m - 213. Calculate h(-3).
315
Let f(v) = -v**3 - 30*v**2 + 171*v - 68. What is f(-35)?
72
Let v(x) = -69637*x + 1462363. Determine v(21).
-14
Let q(k) = 6*k**2 - 2026*k + 9978. Determine q(5).
-2
Let d(s) = -234*s**2 - 469*s - 468. Calculate d(-1).
-233
Let d(r) = 57818*r + 57828. Give d(-1).
10
Let m(o) = 457*o + 56046. Calculate m(-124).
-622
Let i(f) = -6*f**2 + 5195*f - 243977. Determine i(816).
7
Let z(l) = -112*l - 1963. What is z(-25)?
837
Let y(i) = 240*i**2 - 7427*i + 105. Give y(31).
508
Let g(o) = 64*o**2 + 125*o + 710. Give g(-6).
2264
Let v(a) = -148195*a - 889167. Determine v(-6).
3
Let p(l) = 19*l**2 + 1734*l + 1722. Give p(-1).
7
Let i(n) = -22955*n + 298343. What is i(13)?
-72
Let m(y) = y**3 + 37*y**2 + 101*y + 10. What is m(-34)?
44
Let k(j) = 39210*j - 588248. Calculate k(15).
-98
Let q(l) = 7314*l - 7348. Give q(1).
-34
Let s(k) = -k**3 - 46*k**2 + 126*k - 112. What is s(-49)?
917
Let n(y) = 58*y**2 - 54*y + 5. Give n(-2).
345
Let t(y) = -8*y**3 + 2808*y**2 - 30*y + 10470. What is t(351)?
-60
Let j(y) = -67544*y - 743072. Calculate j(-11).
-88
Let c(w) = -7838*w - 86007. Determine c(-11).
211
Let p(h) = -h**3 - 7*h**2 - 16183*h - 97054. What is p(-6)?
8
Let r(x) = -44*x**2 + 32*x - 160. What is r(5)?
-1100
Let d(q) = q**2 - 345*q - 10212. Calculate d(-27).
-168
Let t(u) = -2*u**2 + 93*u - 288. What is t(46)?
-242
Let d(z) = -776*z**2 + 10999*z - 1896. What is d(14)?
-6
Let j(t) = t**2 - 2108*t - 607798. Give j(-257).
7
Let n(i) = 6299*i - 31510. Give n(5).
-15
Let o(y) = -y**3 + 387*y**2 - 538*y + 208037. Calculate o(387).
-169
Let p(d) = -239*d - 542. Determine p(0).
-542
Let k(o) = -2*o**2 + 78*o + 4755. Determine k(72).
3
Let u(w) = 15231*w - 532952. Determine u(35).
133
Let o(x) = -3*x**2 - 37412*x + 299451. Determine o(8).
-37
Let i(v) = 95*v**2 + 21863*v + 2976. Give i(-230).
-14
Let o(p) = -15*p**3 - 89*p**2 + 247*p + 1437. What is o(-6)?
-9
Let h(s) = 135*s - 8777. Calculate h(62).
-407
Let l(z) = 259*z**2 + 1185*z + 35. Calculate l(-5).
585
Let l(x) = 14*x**2 + 619*x - 636. Determine l(1).
-3
Let w(o) = 2*o**3 - 1141*o**2 + 1708*o - 576. Calculate w(569).
-7
Let f(c) = -4*c**3 - 5*c**2 + 4*c + 151. Determine f(-8).
1847
Let o(i) = -i**2 - 2253*i + 2048863. Give o(695).
3
Let y(n) = -3*n**3 - 179*n**2 + 229*n - 1116. What is y(-61)?
-201
Let y(r) = r**3 + 409*r**2 + 35181*r + 425. Determine y(-123).
56
Let u(f) = -f**3 - 63*f**2 - 564*f + 82. Calculate u(-11).
-6
Let i(x) = -2461*x + 374081. Determine i(152).
9
Let r(p) = 70465*p - 493193. What is r(7)?
62
Let o(v) = -18*v**2 + 557*v + 238. What is o(28)?
1722
Let s(h) = -67183*h - 134365. Give s(-2).
1
Let x(s) = -2778*s - 25236. What is x(-9)?
-234
Let t(y) = -24*y + 332. Determine t(25).
-268
Let c(x) = x**3 - 6*x**2 - 4*x + 5. Calculate c(4).
-43
Let p(s) = 15*s**2 - 813*s + 1139. Give p(53).
185
Let k(p) = 5788*p + 57873. Calculate k(-10).
-7
Let g(b) = -b**3 + 125*b**2 + 1197*b + 1175. What is g(134)?
-31
Let z(g) = -203*g**2 + 4877*g - 204. Calculate z(24).
-84
Let j(w) = w**3 - 35*w**2 + 49*w + 2413. Calculate j(-7).
12
Let a(t) = t**3 - 132*t**2 - 7496*t - 5081. Determine a(175).
-6
Let c(n) = -1409*n + 9480. Calculate c(7).
-383
Let c(n) = -86*n - 150. Give c(-4).
194
Let d(g) = 350*g**2 - 2783*g + 29. What is d(8)?
165
Let w(u) = 230*u - 1436. Calculate w(6).
-56
Let l(v) = -12*v**3 + 9*v**2 + 18*v + 9. Calculate l(-2).
105
Let p(s) = -17*s**2 - 97*s + 984. What is p(-11)?
-6
Let a(q) = 1243*q + 10166. Give a(-8).
222
Let t(d) = -13*d**2 - 3972*d - 27175. Give t(-7).
-8
Let q(i) = -652*i + 362. What is q(-3)?
2318
Let u(a) = -466*a - 17226. Give u(-36).
-450
Let s(k) = -217*k**3 + k**2 + 12*k - 11. Calculate s(1).
-215
Let c(u) = 2*u**3 - 94*u**2 + 416*u - 10604. Calculate c(45).
16
Let o(x) = 8*x**3 + 361*x**2 + 63*x - 382. Determine o(-45).
-1192
Let m(a) = a**3 + 171*a**2 + 2397*a + 441870. Calculate m(-172).
2
Let d(h) = -11*h**2 + 359*h - 2917. Determine d(16).
11
Let f(j) = -1027597*j + 7193173. Calculate f(7).
-6
Let m(f) = -2*f**3 - 35*f**2 - 37*f - 807. Give m(-15).
-1377
Let r(g) = -g**3 - 3*g**2 - 2716*g - 110. Determine r(0).
-110
Let n(u) = -8*u**2 + 61*u + 11. Determine n(8).
-13
Let k(a) = 93*a**2 - 9238*a + 3027. What is k(99)?
-42
Let l(s) = -1912*s - 133588. What is l(-70)?
252
Let j(m) = -m**2 + 29*m + 9695. Determine j(-85).
5
Let n(a) = -4*a**2 - 315*a + 415. Determine n(-81).
-314
Let k(d) = -13*d**3 + 1057*d**2 - 15*d - 25024. Calculate k(81).
5
Let h(n) = -8757*n + 4711258. 